{"id":619,"date":"2020-06-06T10:15:28","date_gmt":"2020-06-06T08:15:28","guid":{"rendered":"https:\/\/lesormes89110.fr\/?page_id=619"},"modified":"2024-07-11T15:28:15","modified_gmt":"2024-07-11T13:28:15","slug":"ecole","status":"publish","type":"page","link":"https:\/\/lesormes89110.fr\/index.php\/ecole\/","title":{"rendered":"Ecole \u00e9l\u00e9mentaire"},"content":{"rendered":"\n<figure class=\"wp-block-image size-large\"><img loading=\"lazy\" decoding=\"async\" width=\"899\" height=\"674\" src=\"https:\/\/lesormes89110.fr\/wp-content\/uploads\/2020\/06\/Ecole.jpg\" alt=\"\" class=\"wp-image-821\" srcset=\"https:\/\/lesormes89110.fr\/wp-content\/uploads\/2020\/06\/Ecole.jpg 899w, https:\/\/lesormes89110.fr\/wp-content\/uploads\/2020\/06\/Ecole-300x225.jpg 300w, https:\/\/lesormes89110.fr\/wp-content\/uploads\/2020\/06\/Ecole-768x576.jpg 768w\" sizes=\"auto, (max-width: 709px) 85vw, (max-width: 909px) 67vw, (max-width: 1362px) 62vw, 840px\" \/><\/figure>\n\n\n\n<p>Horaires: du lundi au vendredi de 09h00\/12h00 \u2013 13h30\/16h30 (hors vacances scolaires et jours f\u00e9ri\u00e9s)<\/p>\n<p>Adresse :&nbsp;<a class=\"teaser-item black-icon address streetAddress clearfix map-click-zone pj-lb pj-link\" title=\"Ouvrir la carte pour g\u00e9olocaliser ce pro\" href=\"https:\/\/www.pagesjaunes.fr\/carte?bloc_id=FCP12222683PROSPECT000001C0001&amp;no_sequence=1&amp;code_rubrique=64054500\" data-pjsearchctx-sethref=\"\" data-pjstats=\"{&quot;idTag&quot;:&quot;ADRESSE-PRO&quot;,&quot;genreBloc&quot;:&quot;6&quot;,&quot;pjscript&quot;:&quot;tag.click.send({elem:{},level2:{%xtn2},name:'adresse',chapter1:chap_1_clics,chapter2:'teaser',type:'action',customObject:{}});tag.publisher.send({click:{campaignId:'[FD]',creation:'['+type_transac+']',variant:'['+thematique_transac+']',detailedPlacement:'[adresse]',format:'[contact]',advertiserId:'['+clc_contact+']'}});clc_contact+=1;&quot;,&quot;pos&quot;:&quot;0&quot;}\"><i class=\"icon icon-poi\"><\/i><span class=\"noTrad\">6&nbsp;r Ecole<\/span><span class=\"noTrad\">, 89110<\/span><span class=\"noTrad\">&nbsp;LES ORMES<\/span><\/a>&nbsp;<\/p>\n<p>T\u00e9l\u00e9phones :&nbsp;<span class=\"coord-numero noTrad\">03 86 73 61 87&nbsp; &nbsp;\/&nbsp;&nbsp;<i class=\"icon icon-phone\"><\/i>&nbsp;09 62 07 73 87<\/span><\/p>\n\n\n\n<hr class=\"wp-block-separator has-css-opacity\"\/>\n\n\n<div class=\"wp-block-image\">\n<figure class=\"aligncenter size-large is-resized\"><img loading=\"lazy\" decoding=\"async\" width=\"800\" height=\"447\" src=\"https:\/\/lesormes89110.fr\/wp-content\/uploads\/2020\/06\/bus1.jpg\" alt=\"\" class=\"wp-image-857\" style=\"width:149px;height:83px\" srcset=\"https:\/\/lesormes89110.fr\/wp-content\/uploads\/2020\/06\/bus1.jpg 800w, https:\/\/lesormes89110.fr\/wp-content\/uploads\/2020\/06\/bus1-300x168.jpg 300w, https:\/\/lesormes89110.fr\/wp-content\/uploads\/2020\/06\/bus1-768x429.jpg 768w\" sizes=\"auto, (max-width: 800px) 85vw, 800px\" \/><\/figure>\n<\/div>\n\n\n<p>\u00a0<\/p>\n<p>\u00a0<\/p>\n\n\n\n<hr class=\"wp-block-separator has-css-opacity\"\/>\n","protected":false},"excerpt":{"rendered":"<p>Horaires: du lundi au vendredi de 09h00\/12h00 \u2013 13h30\/16h30 (hors vacances scolaires et jours f\u00e9ri\u00e9s) Adresse :&nbsp;6&nbsp;r Ecole, 89110&nbsp;LES ORMES&nbsp; T\u00e9l\u00e9phones :&nbsp;03 86 73 61 87&nbsp; &nbsp;\/&nbsp;&nbsp;&nbsp;09 62 07 73 87 \u00a0 \u00a0<\/p>\n","protected":false},"author":1,"featured_media":0,"parent":0,"menu_order":0,"comment_status":"closed","ping_status":"closed","template":"","meta":{"footnotes":""},"class_list":["post-619","page","type-page","status-publish","hentry"],"aioseo_notices":[],"_links":{"self":[{"href":"https:\/\/lesormes89110.fr\/index.php\/wp-json\/wp\/v2\/pages\/619","targetHints":{"allow":["GET"]}}],"collection":[{"href":"https:\/\/lesormes89110.fr\/index.php\/wp-json\/wp\/v2\/pages"}],"about":[{"href":"https:\/\/lesormes89110.fr\/index.php\/wp-json\/wp\/v2\/types\/page"}],"author":[{"embeddable":true,"href":"https:\/\/lesormes89110.fr\/index.php\/wp-json\/wp\/v2\/users\/1"}],"replies":[{"embeddable":true,"href":"https:\/\/lesormes89110.fr\/index.php\/wp-json\/wp\/v2\/comments?post=619"}],"version-history":[{"count":6,"href":"https:\/\/lesormes89110.fr\/index.php\/wp-json\/wp\/v2\/pages\/619\/revisions"}],"predecessor-version":[{"id":1920,"href":"https:\/\/lesormes89110.fr\/index.php\/wp-json\/wp\/v2\/pages\/619\/revisions\/1920"}],"wp:attachment":[{"href":"https:\/\/lesormes89110.fr\/index.php\/wp-json\/wp\/v2\/media?parent=619"}],"curies":[{"name":"wp","href":"https:\/\/api.w.org\/{rel}","templated":true}]}}