{"id":724,"date":"2020-06-06T15:51:37","date_gmt":"2020-06-06T13:51:37","guid":{"rendered":"https:\/\/lesormes89110.fr\/?page_id=724"},"modified":"2023-06-02T17:10:38","modified_gmt":"2023-06-02T15:10:38","slug":"salle-des-fetes","status":"publish","type":"page","link":"https:\/\/lesormes89110.fr\/index.php\/salle-des-fetes\/","title":{"rendered":"Salle des f\u00eates"},"content":{"rendered":"\n\n<div class=\"wp-block-image\">\n<figure class=\"aligncenter size-large\"><img loading=\"lazy\" decoding=\"async\" width=\"1024\" height=\"486\" src=\"https:\/\/lesormes89110.fr\/wp-content\/uploads\/2020\/06\/Salle-des-f\u00eates-1-1024x486.jpg\" alt=\"\" class=\"wp-image-767\" srcset=\"https:\/\/lesormes89110.fr\/wp-content\/uploads\/2020\/06\/Salle-des-f\u00eates-1-1024x486.jpg 1024w, https:\/\/lesormes89110.fr\/wp-content\/uploads\/2020\/06\/Salle-des-f\u00eates-1-300x142.jpg 300w, https:\/\/lesormes89110.fr\/wp-content\/uploads\/2020\/06\/Salle-des-f\u00eates-1-768x364.jpg 768w, https:\/\/lesormes89110.fr\/wp-content\/uploads\/2020\/06\/Salle-des-f\u00eates-1.jpg 1200w\" sizes=\"auto, (max-width: 709px) 85vw, (max-width: 909px) 67vw, (max-width: 1362px) 62vw, 840px\" \/><\/figure>\n<\/div>\n\n\n<p>La location de la salle des f\u00eates est de nouveau possible.<\/p>\n<p>Vous trouverez les tarifications pour la location de la salle communale ci-dessous.<\/p>\n<p>Pour les r\u00e9servations contactez la mairie et n&rsquo;h\u00e9sitez pas \u00e0 regarder le calendrier du village pour savoir si la salle est r\u00e9serv\u00e9e aux\u00a0 dates souhait\u00e9es : <a href=\"https:\/\/lesormes89110.fr\/index.php\/calendrier-du-village\/\">calendrier-du-village<\/a><\/p>\n<p>Adresse : 9 Chemin de l&rsquo;Abreuvoir, les ormes.<\/p>\n<p>\u00a0<\/p>\n<table style=\"height: 120px; width: 100%; border-collapse: collapse; border-style: double;\">\n<tbody>\n<tr style=\"height: 47px;\">\n<td style=\"width: 27.7587%; height: 47px; border-color: #000000; border-style: double; background-color: #bdb1b1; text-align: center;\">\n<h4><strong><span style=\"color: #ff0000;\">Du 16 mars au 14 octobre<\/span><\/strong><\/h4>\n<\/td>\n<td style=\"width: 17.931%; height: 47px; text-align: center; vertical-align: middle; border-color: #000000; border-style: double; background-color: #f2f0f0;\">1 JOURN\u00c9E<\/td>\n<td style=\"width: 18.4482%; height: 47px; text-align: center; vertical-align: middle; border-color: #000000; border-style: double; background-color: #f2f0f0;\">2 JOURN\u00c9ES<\/td>\n<td style=\"width: 35.8621%; height: 47px; text-align: center; border-color: #000000; border-style: double; background-color: #f2f0f0;\">CAUTIONS<\/td>\n<\/tr>\n<tr style=\"height: 31px;\">\n<td style=\"width: 27.7587%; height: 31px; border-color: #000000; background-color: #c7e9eb; border-style: solid; text-align: center; vertical-align: middle;\">Habitants des Ormes<\/td>\n<td style=\"width: 17.931%; height: 31px; text-align: center; vertical-align: middle; border-color: #000000; background-color: #c7e9eb; border-style: solid;\">130 \u20ac<\/td>\n<td style=\"width: 18.4482%; height: 31px; text-align: center; vertical-align: middle; border-color: #000000; background-color: #c7e9eb; border-style: solid;\">160 \u20ac<\/td>\n<td style=\"width: 35.8621%; height: 31px; text-align: center; border-color: #000000; background-color: #c7e9eb; border-style: solid;\">900\u20ac (mat\u00e9riel divers) + 300\u20ac (m\u00e9nage et tri des d\u00e9chets)<\/td>\n<\/tr>\n<tr style=\"height: 21px;\">\n<td style=\"width: 27.7587%; height: 21px; border-color: #000000; background-color: #a5b0ae; border-style: solid; text-align: center; vertical-align: middle;\">Habitants et Associations ext\u00e9rieurs \u00e0 la commune<\/td>\n<td style=\"width: 17.931%; height: 21px; text-align: center; vertical-align: middle; border-color: #000000; background-color: #a5b0ae; border-style: solid;\">180\u20ac<\/td>\n<td style=\"width: 18.4482%; height: 21px; text-align: center; vertical-align: middle; border-color: #000000; background-color: #a5b0ae; border-style: solid;\">210\u20ac<\/td>\n<td style=\"width: 35.8621%; height: 21px; text-align: center; border-color: #000000; background-color: #a5b0ae; border-style: solid;\">900\u20ac (mat\u00e9riel divers) + 300\u20ac (m\u00e9nage et tri des d\u00e9chets)<\/td>\n<\/tr>\n<tr style=\"height: 21px;\">\n<td style=\"width: 27.7587%; height: 21px; border-color: #000000; background-color: #b9e9eb; border-style: solid; text-align: center; vertical-align: middle;\">Associations des Ormes<\/td>\n<td style=\"width: 17.931%; height: 21px; text-align: center; vertical-align: middle; border-color: #000000; background-color: #b9e9eb; border-style: solid;\">Gratuit<\/td>\n<td style=\"width: 18.4482%; height: 21px; text-align: center; vertical-align: middle; border-color: #000000; background-color: #b9e9eb; border-style: solid;\">Gratuit<\/td>\n<td style=\"width: 35.8621%; height: 21px; text-align: center; border-color: #000000; background-color: #b9e9eb; border-style: solid;\">900\u20ac (mat\u00e9riel divers) + 300\u20ac (m\u00e9nage et tri des d\u00e9chets)<\/td>\n<\/tr>\n<\/tbody>\n<\/table>\n\n\n\n<p><\/p>\n<table style=\"width: 100%; border-style: solid; border-color: #000504; background-color: #737070; height: 209px;\">\n<tbody>\n<tr style=\"height: 71px;\">\n<td style=\"width: 28.0952%; text-align: center; height: 71px;\">\n<h4><span style=\"color: #ff0000;\"><strong>DU 15 OCTOBRE AU\u00a0 15 MARS<\/strong><\/span><\/h4>\n<\/td>\n<td style=\"width: 18.9286%; text-align: center; height: 71px; background-color: #c7c7c7;\">1 JOURN\u00c9E<\/td>\n<td style=\"width: 16.6667%; text-align: center; height: 71px; background-color: #c7c7c7;\">2 JOURN\u00c9ES<\/td>\n<td style=\"width: 35.3571%; text-align: center; height: 71px; background-color: #c7c7c7;\">CAUTIONS<\/td>\n<\/tr>\n<tr style=\"height: 46px;\">\n<td style=\"width: 28.0952%; text-align: center; height: 46px; background-color: #10b6c2;\">Habitants des Ormes<\/td>\n<td style=\"width: 18.9286%; text-align: center; height: 46px; background-color: #10b6c2;\">140 \u20ac<\/td>\n<td style=\"width: 16.6667%; text-align: center; height: 46px; background-color: #10b6c2;\">180 \u20ac<\/td>\n<td style=\"width: 35.3571%; text-align: center; height: 46px; background-color: #10b6c2;\">900\u20ac (mat\u00e9riel divers) + 300\u20ac (m\u00e9nage et tri des d\u00e9chets)<\/td>\n<\/tr>\n<tr style=\"height: 46px;\">\n<td style=\"width: 28.0952%; text-align: center; height: 46px;\">Habitants et Associations ext\u00e9rieurs \u00e0 la commune<\/td>\n<td style=\"width: 18.9286%; text-align: center; height: 46px;\">190\u20ac<\/td>\n<td style=\"width: 16.6667%; text-align: center; height: 46px;\">230\u20ac<\/td>\n<td style=\"width: 35.3571%; text-align: center; height: 46px;\">900\u20ac (mat\u00e9riel divers) + 300\u20ac (m\u00e9nage et tri des d\u00e9chets)<\/td>\n<\/tr>\n<tr style=\"height: 46px;\">\n<td style=\"width: 28.0952%; text-align: center; height: 46px; background-color: #10b6c2;\">Associations des Ormes<\/td>\n<td style=\"width: 18.9286%; text-align: center; height: 46px; background-color: #10b6c2;\">Gratuit<\/td>\n<td style=\"width: 16.6667%; text-align: center; height: 46px; background-color: #10b6c2;\">Gratuit<\/td>\n<td style=\"width: 35.3571%; text-align: center; height: 46px; background-color: #10b6c2;\">900\u20ac (mat\u00e9riel divers) + 300\u20ac (m\u00e9nage et tri des d\u00e9chets)<\/td>\n<\/tr>\n<\/tbody>\n<\/table>\n<p><\/p>\n<p>\u00a0<\/p>\n<p>\u00a0<\/p>\n<p>\u00a0<\/p>\n<p>\u00a0<\/p>\n\n\n\n<p>Location de vaisselle : forfait 40\u20ac.<\/p>\n<p>En cas de casse ou perte : 1\u20ac\/verre, couvert, tasses \u00e0 caf\u00e9 et 2\u20ac\/ assiettes.<\/p>\n","protected":false},"excerpt":{"rendered":"<p>La location de la salle des f\u00eates est de nouveau possible. Vous trouverez les tarifications pour la location de la salle communale ci-dessous. Pour les r\u00e9servations contactez la mairie et n&rsquo;h\u00e9sitez pas \u00e0 regarder le calendrier du village pour savoir si la salle est r\u00e9serv\u00e9e aux\u00a0 dates souhait\u00e9es : calendrier-du-village Adresse : 9 Chemin de &hellip; <a href=\"https:\/\/lesormes89110.fr\/index.php\/salle-des-fetes\/\" class=\"more-link\">Continuer la lecture<span class=\"screen-reader-text\"> de &laquo;&nbsp;Salle des f\u00eates&nbsp;&raquo;<\/span><\/a><\/p>\n","protected":false},"author":1,"featured_media":0,"parent":0,"menu_order":0,"comment_status":"closed","ping_status":"closed","template":"","meta":{"footnotes":""},"class_list":["post-724","page","type-page","status-publish","hentry"],"aioseo_notices":[],"_links":{"self":[{"href":"https:\/\/lesormes89110.fr\/index.php\/wp-json\/wp\/v2\/pages\/724","targetHints":{"allow":["GET"]}}],"collection":[{"href":"https:\/\/lesormes89110.fr\/index.php\/wp-json\/wp\/v2\/pages"}],"about":[{"href":"https:\/\/lesormes89110.fr\/index.php\/wp-json\/wp\/v2\/types\/page"}],"author":[{"embeddable":true,"href":"https:\/\/lesormes89110.fr\/index.php\/wp-json\/wp\/v2\/users\/1"}],"replies":[{"embeddable":true,"href":"https:\/\/lesormes89110.fr\/index.php\/wp-json\/wp\/v2\/comments?post=724"}],"version-history":[{"count":18,"href":"https:\/\/lesormes89110.fr\/index.php\/wp-json\/wp\/v2\/pages\/724\/revisions"}],"predecessor-version":[{"id":1761,"href":"https:\/\/lesormes89110.fr\/index.php\/wp-json\/wp\/v2\/pages\/724\/revisions\/1761"}],"wp:attachment":[{"href":"https:\/\/lesormes89110.fr\/index.php\/wp-json\/wp\/v2\/media?parent=724"}],"curies":[{"name":"wp","href":"https:\/\/api.w.org\/{rel}","templated":true}]}}

Salle des fêtes

<div class="wp-block-image">
<figure class="aligncenter size-large"><img loading="lazy" decoding="async" width="1024" height="486" src="https://lesormes89110.fr/wp-content/uploads/2020/06/Salle-des-fêtes-1-1024x486.jpg" alt="" class="wp-image-767" srcset="https://lesormes89110.fr/wp-content/uploads/2020/06/Salle-des-fêtes-1-1024x486.jpg 1024w, https://lesormes89110.fr/wp-content/uploads/2020/06/Salle-des-fêtes-1-300x142.jpg 300w, https://lesormes89110.fr/wp-content/uploads/2020/06/Salle-des-fêtes-1-768x364.jpg 768w, https://lesormes89110.fr/wp-content/uploads/2020/06/Salle-des-fêtes-1.jpg 1200w" sizes="auto, (max-width: 709px) 85vw, (max-width: 909px) 67vw, (max-width: 1362px) 62vw, 840px" /></figure>
</div>


<p>La location de la salle des fêtes est de nouveau possible.</p>
<p>Vous trouverez les tarifications pour la location de la salle communale ci-dessous.</p>
<p>Pour les réservations contactez la mairie et n&rsquo;hésitez pas à regarder le calendrier du village pour savoir si la salle est réservée aux  dates souhaitées : <a href="https://lesormes89110.fr/index.php/calendrier-du-village/">calendrier-du-village</a></p>
<p>Adresse : 9 Chemin de l&rsquo;Abreuvoir, les ormes.</p>
<p> </p>
<table style="height: 120px; width: 100%; border-collapse: collapse; border-style: double;">
<tbody>
<tr style="height: 47px;">
<td style="width: 27.7587%; height: 47px; border-color: #000000; border-style: double; background-color: #bdb1b1; text-align: center;">
<h4><strong><span style="color: #ff0000;">Du 16 mars au 14 octobre</span></strong></h4>
</td>
<td style="width: 17.931%; height: 47px; text-align: center; vertical-align: middle; border-color: #000000; border-style: double; background-color: #f2f0f0;">1 JOURNÉE</td>
<td style="width: 18.4482%; height: 47px; text-align: center; vertical-align: middle; border-color: #000000; border-style: double; background-color: #f2f0f0;">2 JOURNÉES</td>
<td style="width: 35.8621%; height: 47px; text-align: center; border-color: #000000; border-style: double; background-color: #f2f0f0;">CAUTIONS</td>
</tr>
<tr style="height: 31px;">
<td style="width: 27.7587%; height: 31px; border-color: #000000; background-color: #c7e9eb; border-style: solid; text-align: center; vertical-align: middle;">Habitants des Ormes</td>
<td style="width: 17.931%; height: 31px; text-align: center; vertical-align: middle; border-color: #000000; background-color: #c7e9eb; border-style: solid;">130 €</td>
<td style="width: 18.4482%; height: 31px; text-align: center; vertical-align: middle; border-color: #000000; background-color: #c7e9eb; border-style: solid;">160 €</td>
<td style="width: 35.8621%; height: 31px; text-align: center; border-color: #000000; background-color: #c7e9eb; border-style: solid;">900€ (matériel divers) + 300€ (ménage et tri des déchets)</td>
</tr>
<tr style="height: 21px;">
<td style="width: 27.7587%; height: 21px; border-color: #000000; background-color: #a5b0ae; border-style: solid; text-align: center; vertical-align: middle;">Habitants et Associations extérieurs à la commune</td>
<td style="width: 17.931%; height: 21px; text-align: center; vertical-align: middle; border-color: #000000; background-color: #a5b0ae; border-style: solid;">180€</td>
<td style="width: 18.4482%; height: 21px; text-align: center; vertical-align: middle; border-color: #000000; background-color: #a5b0ae; border-style: solid;">210€</td>
<td style="width: 35.8621%; height: 21px; text-align: center; border-color: #000000; background-color: #a5b0ae; border-style: solid;">900€ (matériel divers) + 300€ (ménage et tri des déchets)</td>
</tr>
<tr style="height: 21px;">
<td style="width: 27.7587%; height: 21px; border-color: #000000; background-color: #b9e9eb; border-style: solid; text-align: center; vertical-align: middle;">Associations des Ormes</td>
<td style="width: 17.931%; height: 21px; text-align: center; vertical-align: middle; border-color: #000000; background-color: #b9e9eb; border-style: solid;">Gratuit</td>
<td style="width: 18.4482%; height: 21px; text-align: center; vertical-align: middle; border-color: #000000; background-color: #b9e9eb; border-style: solid;">Gratuit</td>
<td style="width: 35.8621%; height: 21px; text-align: center; border-color: #000000; background-color: #b9e9eb; border-style: solid;">900€ (matériel divers) + 300€ (ménage et tri des déchets)</td>
</tr>
</tbody>
</table>



<p></p>
<table style="width: 100%; border-style: solid; border-color: #000504; background-color: #737070; height: 209px;">
<tbody>
<tr style="height: 71px;">
<td style="width: 28.0952%; text-align: center; height: 71px;">
<h4><span style="color: #ff0000;"><strong>DU 15 OCTOBRE AU  15 MARS</strong></span></h4>
</td>
<td style="width: 18.9286%; text-align: center; height: 71px; background-color: #c7c7c7;">1 JOURNÉE</td>
<td style="width: 16.6667%; text-align: center; height: 71px; background-color: #c7c7c7;">2 JOURNÉES</td>
<td style="width: 35.3571%; text-align: center; height: 71px; background-color: #c7c7c7;">CAUTIONS</td>
</tr>
<tr style="height: 46px;">
<td style="width: 28.0952%; text-align: center; height: 46px; background-color: #10b6c2;">Habitants des Ormes</td>
<td style="width: 18.9286%; text-align: center; height: 46px; background-color: #10b6c2;">140 €</td>
<td style="width: 16.6667%; text-align: center; height: 46px; background-color: #10b6c2;">180 €</td>
<td style="width: 35.3571%; text-align: center; height: 46px; background-color: #10b6c2;">900€ (matériel divers) + 300€ (ménage et tri des déchets)</td>
</tr>
<tr style="height: 46px;">
<td style="width: 28.0952%; text-align: center; height: 46px;">Habitants et Associations extérieurs à la commune</td>
<td style="width: 18.9286%; text-align: center; height: 46px;">190€</td>
<td style="width: 16.6667%; text-align: center; height: 46px;">230€</td>
<td style="width: 35.3571%; text-align: center; height: 46px;">900€ (matériel divers) + 300€ (ménage et tri des déchets)</td>
</tr>
<tr style="height: 46px;">
<td style="width: 28.0952%; text-align: center; height: 46px; background-color: #10b6c2;">Associations des Ormes</td>
<td style="width: 18.9286%; text-align: center; height: 46px; background-color: #10b6c2;">Gratuit</td>
<td style="width: 16.6667%; text-align: center; height: 46px; background-color: #10b6c2;">Gratuit</td>
<td style="width: 35.3571%; text-align: center; height: 46px; background-color: #10b6c2;">900€ (matériel divers) + 300€ (ménage et tri des déchets)</td>
</tr>
</tbody>
</table>
<p></p>
<p> </p>
<p> </p>
<p> </p>
<p> </p>



<p>Location de vaisselle : forfait 40€.</p>
<p>En cas de casse ou perte : 1€/verre, couvert, tasses à café et 2€/ assiettes.</p>

<p>La location de la salle des fêtes est de nouveau possible. Vous trouverez les tarifications pour la location de la salle communale ci-dessous. Pour les réservations contactez la mairie et n&rsquo;hésitez pas à regarder le calendrier du village pour savoir si la salle est réservée aux  dates souhaitées : calendrier-du-village Adresse : 9 Chemin de &hellip; <a href="https://lesormes89110.fr/index.php/salle-des-fetes/" class="more-link">Continuer la lecture<span class="screen-reader-text"> de &laquo;&nbsp;Salle des fêtes&nbsp;&raquo;</span></a></p>
