{"id":968,"date":"2020-07-29T18:16:26","date_gmt":"2020-07-29T16:16:26","guid":{"rendered":"https:\/\/lesormes89110.fr\/?page_id=968"},"modified":"2020-07-29T18:16:26","modified_gmt":"2020-07-29T16:16:26","slug":"recensement-militaire","status":"publish","type":"page","link":"https:\/\/lesormes89110.fr\/index.php\/recensement-militaire\/","title":{"rendered":"RECENSEMENT MILITAIRE"},"content":{"rendered":"\n<p>Tout jeune Fran\u00e7ais qui a 16 ans doit se faire recenser. Une fois cette obligation accomplie, le jeune re\u00e7oit une <span class=\"Expression\">attestation de recensement<\/span>. L&rsquo;attestation est \u00e0 pr\u00e9senter lors de certaines d\u00e9marches (inscription au baccalaur\u00e9at avant 18 ans notamment). En cas de perte ou de vol, il est possible de demander une <span class=\"Expression\">attestation de situation administrative<\/span>. Le recensement militaire permet \u00e0 l&rsquo;administration de convoquer le jeune \u00e0 la journ\u00e9e d\u00e9fense et citoyennet\u00e9 (JDC).<\/p>\n<div class=\"liste\">\n<h3 id=\"summary2\" class=\"target Chapitre\">Quand se faire recenser ?<\/h3>\n<p>La p\u00e9riode du recensement militaire d\u00e9pend de la situation du jeune.<\/p>\n<div class=\"onglet\">\n<h4 id=\"\" class=\"Cas\">Jeune n\u00e9 Fran\u00e7ais<\/h4>\n<p>Si vous \u00eates n\u00e9 Fran\u00e7ais, vous devez vous faire recenser entre le jour de vos 16 ans et le dernier jour du 3<span class=\"Exposant\">e<\/span> mois qui suit celui de votre anniversaire.<\/p>\n<\/div>\n<div class=\"onglet\">\n<h4 id=\"\" class=\"Cas\">Jeune devenu Fran\u00e7ais<\/h4>\n<p>Si vous \u00eates devenu Fran\u00e7ais entre 16 et 25 ans, vous devez vous faire recenser dans le mois qui suit <a class=\"Dossier\" href=\"https:\/\/www.demarches.interieur.gouv.fr\/particuliers\/nationalite-francaise\" target=\"_blank\" rel=\"noopener noreferrer\">l&rsquo;obtention de la nationalit\u00e9 fran\u00e7aise<\/a>.<\/p>\n<\/div>\n<div class=\"onglet\">\n<h4 id=\"\" class=\"Cas\">Jeune qui peut rejeter la nationalit\u00e9 fran\u00e7aise<\/h4>\n<p>Si vous avez la possibilit\u00e9 de <a class=\"information\" href=\"https:\/\/www.demarches.interieur.gouv.fr\/particuliers\/perte-volontaire-nationalite-francaise\" target=\"_blank\" rel=\"noopener noreferrer\">refuser la nationalit\u00e9 fran\u00e7aise<\/a> et que vous choisissez d&rsquo;\u00eatre Fran\u00e7ais, vous devez vous faire recenser entre le jour de vos 16 ans et le mois qui suit votre 19<span class=\"Exposant\">e<\/span> anniversaire.<\/p>\n<\/div>\n<div class=\"alert asavoir\"><span class=\"bold\">\u00c0 savoir<\/span>\n<p>si les d\u00e9lais ont \u00e9t\u00e9 d\u00e9pass\u00e9s, il est possible de r\u00e9gulariser sa situation jusqu&rsquo;\u00e0 l&rsquo;\u00e2ge de 25 ans. La d\u00e9marche \u00e0 faire reste la m\u00eame.<\/p>\n<\/div>\n<p><span style=\"text-decoration: underline;\"><strong>Pour se faire recenser il faut venir \u00e0 la mairie avec les documents suivants :<\/strong><\/span><\/p>\n<div class=\"liste\">\n<ul>\n<li>Carte nationale d&rsquo;identit\u00e9 ou passeport valide<\/li>\n<li>Livret de famille<\/li>\n<li>Justificatif de domicile<\/li>\n<\/ul>\n<\/div>\n<p>\u00a0<\/p>\n<\/div>\n<p>\u00a0<\/p>\n","protected":false},"excerpt":{"rendered":"<p>Tout jeune Fran\u00e7ais qui a 16 ans doit se faire recenser. Une fois cette obligation accomplie, le jeune re\u00e7oit une attestation de recensement. L&rsquo;attestation est \u00e0 pr\u00e9senter lors de certaines d\u00e9marches (inscription au baccalaur\u00e9at avant 18 ans notamment). En cas de perte ou de vol, il est possible de demander une attestation de situation administrative. &hellip; <a href=\"https:\/\/lesormes89110.fr\/index.php\/recensement-militaire\/\" class=\"more-link\">Continuer la lecture<span class=\"screen-reader-text\"> de &laquo;&nbsp;RECENSEMENT MILITAIRE&nbsp;&raquo;<\/span><\/a><\/p>\n","protected":false},"author":1,"featured_media":0,"parent":0,"menu_order":0,"comment_status":"closed","ping_status":"closed","template":"","meta":{"footnotes":""},"class_list":["post-968","page","type-page","status-publish","hentry"],"aioseo_notices":[],"_links":{"self":[{"href":"https:\/\/lesormes89110.fr\/index.php\/wp-json\/wp\/v2\/pages\/968","targetHints":{"allow":["GET"]}}],"collection":[{"href":"https:\/\/lesormes89110.fr\/index.php\/wp-json\/wp\/v2\/pages"}],"about":[{"href":"https:\/\/lesormes89110.fr\/index.php\/wp-json\/wp\/v2\/types\/page"}],"author":[{"embeddable":true,"href":"https:\/\/lesormes89110.fr\/index.php\/wp-json\/wp\/v2\/users\/1"}],"replies":[{"embeddable":true,"href":"https:\/\/lesormes89110.fr\/index.php\/wp-json\/wp\/v2\/comments?post=968"}],"version-history":[{"count":3,"href":"https:\/\/lesormes89110.fr\/index.php\/wp-json\/wp\/v2\/pages\/968\/revisions"}],"predecessor-version":[{"id":971,"href":"https:\/\/lesormes89110.fr\/index.php\/wp-json\/wp\/v2\/pages\/968\/revisions\/971"}],"wp:attachment":[{"href":"https:\/\/lesormes89110.fr\/index.php\/wp-json\/wp\/v2\/media?parent=968"}],"curies":[{"name":"wp","href":"https:\/\/api.w.org\/{rel}","templated":true}]}}